 to base 13.
-257
Convert 100111011 (base 2) to base 13.
1b3
-1950d (base 14) to base 5
-4022410
What is cc9 (base 13) in base 7?
6252
What is -39370 (base 11) in base 5?
-3300332
What is 1db (base 14) in base 3?
112102
211 (base 10) to base 7
421
8298 (base 11) to base 8
25365
What is 110012100 (base 3) in base 7?
34632
-436 (base 7) to base 13
-142
Convert -323 (base 6) to base 9.
-146
Convert -124b (base 12) to base 3.
-2211212
Convert 12022222 (base 3) to base 4.
330233
14c (base 13) to base 6
1025
What is -2255 (base 10) in base 14?
-b71
Convert -7b0 (base 14) to base 16.
-5f6
What is -338 (base 12) in base 5?
-3401
2221 (base 6) to base 5
4032
-15e8 (base 15) to base 2
-1001001101110
What is -110222 (base 3) in base 12?
-252
What is 173 (base 16) in base 10?
371
What is -38a8 (base 13) in base 2?
-1111110010001
10432 (base 5) to base 10
742
What is 44210 (base 5) in base 6?
22051
Convert -11100 (base 4) to base 13.
-1cb
-8c07 (base 13) to base 16
-4c9b
2d65 (base 15) to base 8
23052
Convert 220200 (base 3) to base 12.
476
Convert -241 (base 14) to base 4.
-13001
-13661 (base 7) to base 9
-5145
-13332213 (base 4) to base 15
-9a39
What is 1027 (base 9) in base 5?
11004
-681 (base 9) to base 2
-1000101111
Convert 44704 (base 10) to base 7.
244222
Convert -4b62 (base 15) to base 3.
-211001002
-3113 (base 5) to base 8
-630
What is 63 (base 10) in base 14?
47
What is 14105 (base 6) in base 2?
100010011001
6747 (base 8) to base 13
180a
12746 (base 8) to base 15
19db
What is -214 (base 10) in base 15?
-e4
4214 (base 6) to base 12
66a
What is -1000112 (base 4) in base 15?
-1348
What is 2186 (base 14) in base 7?
22626
-116 (base 15) to base 3
-100010
-389a (base 11) to base 10
-5070
What is -3928 (base 13) in base 16?
-1fd2
Convert -124148 (base 9) to base 3.
-10211011122
Convert -6834 (base 9) to base 2.
-1001110111101
202111 (base 5) to base 12
3943
Convert 13312 (base 4) to base 5.
4002
Convert -628 (base 10) to base 6.
-2524
What is -483 (base 11) in base 16?
-23f
What is -162 (base 14) in base 13?
-189
Convert -7290 (base 10) to base 13.
-341a
What is 19e1 (base 16) in base 12?
3a01
What is -1fd (base 16) in base 11?
-423
What is 2101 (base 11) in base 15?
c59
Convert 161 (base 8) to base 16.
71
What is 10100011101111 (base 2) in base 6?
120303
Convert -500 (base 12) to base 5.
-10340
Convert -241 (base 7) to base 10.
-127
9d3 (base 16) to base 13
11b6
What is -842 (base 9) in base 10?
-686
Convert -2036 (base 10) to base 7.
-5636
21112102 (base 3) to base 13
2666
-30120 (base 4) to base 5
-11132
1da (base 15) to base 13
271
What is 600 (base 10) in base 2?
1001011000
Convert 252163 (base 7) to base 13.
18172
What is -605 (base 7) in base 8?
-453
Convert -1516 (base 7) to base 16.
-259
bd (base 15) to base 4
2302
Convert 10111101 (base 2) to base 5.
1224
-6675 (base 11) to base 5
-240134
What is 100300200 (base 4) in base 7?
404055
-2831 (base 9) to base 15
-974
11011010000001 (base 2) to base 4
3122001
What is 1000330 (base 5) in base 11?
10897
1221 (base 3) to base 10
52
What is -1021 (base 9) in base 8?
-1354
Convert 101111301 (base 4) to base 8.
212561
Convert 5cec (base 16) to base 7.
126232
460 (base 9) to base 16
17a
-2210200210 (base 3) to base 13
-1c16a
What is 11034 (base 6) in base 11?
1175
What is a5c2 (base 13) in base 7?
123656
-21353 (base 6) to base 14
-1109
Convert 1275 (base 13) to base 16.
a47
Convert 432 (base 8) to base 11.
237
Convert -430e (base 16) to base 7.
-101022
18a3 (base 13) to base 7
13510
161 (base 8) to base 9
135
5212 (base 12) to base 5
241232
Convert 655 (base 7) to base 15.
174
What is 1247 (base 8) in base 14?
367
What is -131130 (base 5) in base 6?
-35525
Convert 862 (base 9) to base 13.
422
Convert -2445 (base 11) to base 7.
-12213
What is 6614 (base 7) in base 12?
144b
8022 (base 14) to base 10
21982
Convert -13221102 (base 4) to base 14.
-b5aa
8510 (base 15) to base 7
145020
-69 (base 15) to base 13
-78
Convert -18622 (base 13) to base 16.
-b84b
What is a11 (base 13) in base 3?
2100010
What is -11000101001 (base 2) in base 16?
-629
11000011001 (base 2) to base 13
931
What is 201022 (base 6) in base 12?
9172
-14b78 (base 13) to base 4
-21212023
What is -1010001001100100 (base 2) in base 7?
-232126
Convert -b8 (base 12) to base 11.
-118
-130d (base 14) to base 11
-2571
What is 323234 (base 5) in base 14?
4069
What is -5163 (base 7) in base 5?
-24214
-524 (base 6) to base 4
-3010
What is 808 (base 11) in base 10?
976
Convert 1401 (base 5) to base 7.
442
-80 (base 16) to base 7
-242
Convert -553 (base 6) to base 11.
-184
Convert 43 (base 16) to base 6.
151
Convert -110101101 (base 2) to base 6.
-1553
-570 (base 11) to base 4
-22222
What is 4552 (base 8) in base 3?
10022021
40620 (base 7) to base 10
9912
13551 (base 16) to base 3
11000121210
What is -588d (base 16) in base 5?
-1211134
Convert -8c0 (base 15) to base 4.
-132330
Convert -74 (base 8) to base 2.
-111100
Convert 103553 (base 6) to base 15.
285c
Convert -24314 (base 5) to base 2.
-11100101010
Convert -14224 (base 6) to base 5.
-32443
-21814 (base 9) to base 16
-38b0
Convert 22232 (base 6) to base 9.
4242
-90a (base 12) to base 14
-694
88a (base 15) to base 9
2574
What is -20141 (base 10) in base 13?
-9224
44 (base 16) to base 4
1010
-128 (base 13) to base 2
-11001011
210210222 (base 3) to base 13
7313
Convert 2 (base 16) to base 13.
2
Convert -1634 (base 14) to base 8.
-7576
What is 409 (base 14) in base 11?
661
Convert -521405 (base 6) to base 7.
-232655
-8064 (base 12) to base 2
-11011001001100
Convert 424520 (base 6) to base 11.
24123
3c15 (base 14) to base 11
7a6a
Convert 543 (base 9) to base 2.
110111100
2313231 (base 4) to base 2
10110111101101
Convert 3377 (base 9) to base 2.
100111000100
222302 (base 5) to base 9
11656
81a (base 14) to base 5
22332
Convert -37103 (base 11) to base 5.
-3201424
-1210220 (base 3) to base 14
-6a4
What is -337 (base 11) in base 9?
-487
-1011000 (base 2) to base 7
-154
What is -111011000 (base 2) in base 6?
-2104
Convert -1ad (base 15) to base 9.
-471
What is -40030 (base 7) in base 2?
-10010110011001
121100012 (base 3) to base 4
2322020
Convert 11001011101101 (base 2) to base 11.
9882
Convert 60a3 (base 14) to base 2.
100000011011111
554 (base 9) to base 11
383
Convert 812 (base 12) to base 4.
102032
-200212 (base 3) to base 8
-775
What is 214 (base 8) in base 15?
95
Convert -18a (base 16) to base 11.
-329
What is 25410 (base 6) in base 12?
2266
Convert -606 (base 9) to base 10.
-492
What is 2917 (base 13) in base 16?
172f
-472 (base 13) to base 7
-2146
-808 (base 11) to base 7
-2563
Convert -440014 (base 5) to base 15.
-46a9
Convert 1966 (base 13) to base 8.
7332
Convert 2330 (base 5) to base 9.
417
-43505 (base 6) to base 7
-23354
Convert 210 (base 12) to base 15.
150
What is 21032 (base 4) in base 11?
497
What is -385 (base 12) in base 9?
-652
What is 110010120 (base 3) in base 16?
228c
64454 (base 7) to base 11
11038
Convert 1053 (base 6) to base 14.
13b
What is d0a (base 14) in base 15?
b58
What is 1030 (base 9) in base 2?
1011110100
Convert 937 (base 10) to base 8.
1651
Convert -1351 (base 7) to base 8.
-1016
What is 9c11 (base 13) in base 5?
1144230
What is 547 (base 11) in base 5?
10111
-2085 (base 11) to base 9
-3701
-22112 (base 3) to base 2
-11100110
Convert 4331 (base 8) to base 16.
8d9
Convert 4667 (base 11) to base 3.
22101210
Convert -754 (base 14) to base 10.
-1446
Convert 223 (base 15) to base 12.
343
What is -1630 (base 7) in base 2?
-1010010010
Convert 106024 (base 7) to base 6.
223231
What is 4200 (base 14) in base 5?
330433
What is -8c07 (base 15) in base 8?
-72013
Convert 114220 (base 5) to base 2.
1000011010110
What is 5a4 (base 15) in base 10?
1279
Convert 301 (base 8) to base 14.
db
-694 (base 11) to base 2
-1100111101
36166 (base 10) to base 13
13600
Convert -120001120 (base 3) to base 12.
-6429
1002012 (base 3) to base 13
488
2f75 (base 16) to base 11
9145
What is 2320300 (base 5) in base 12?
2033a
What is -484c (base 14) in base 2?
-11000101000100
Convert -571 (base 8) to base 12.
-275
What is -4733 (base 10) in base 11?
-3613
Convert 3161 (base 14) to base 9.
12608
What is -65c (base 16) in base 6?
-11312
What is 122021 (base 5) in base 3?
20100201
What is 10111111 (base 2) i